est common divisor of 7494 and 2382.
6
What is the greatest common factor of 8213624 and 513?
19
What is the greatest common divisor of 62012 and 23346680?
1676
What is the greatest common divisor of 2729129 and 78?
13
Calculate the highest common factor of 14710 and 169190.
10
Calculate the greatest common divisor of 8668 and 63204692.
788
Calculate the greatest common factor of 6025 and 5716325.
25
Calculate the greatest common factor of 1100 and 12899150.
550
Calculate the greatest common divisor of 212 and 44047028.
212
What is the greatest common factor of 10129 and 1593068862?
10129
What is the greatest common divisor of 606166 and 1085128?
1298
Calculate the highest common factor of 590448 and 120.
24
What is the highest common divisor of 72397 and 50453?
13
Calculate the greatest common factor of 7264545 and 15.
15
Calculate the highest common factor of 2942620 and 12880.
460
What is the highest common divisor of 23922066 and 93?
3
Calculate the greatest common factor of 84378 and 336.
42
Calculate the greatest common factor of 501746976 and 2176.
544
What is the highest common factor of 7657382 and 1157?
89
What is the highest common factor of 2855968 and 744?
248
What is the highest common divisor of 108 and 2329648?
4
What is the highest common factor of 697711 and 539?
49
Calculate the greatest common divisor of 29894908 and 748.
68
What is the greatest common factor of 4968449 and 2891?
59
What is the greatest common factor of 159424 and 391087?
2491
What is the greatest common factor of 15 and 2027435?
5
Calculate the highest common factor of 1189 and 5630379.
29
Calculate the greatest common divisor of 6346484 and 30.
2
Calculate the highest common divisor of 11104 and 17301073.
347
What is the highest common factor of 15140 and 69229921?
757
Calculate the greatest common factor of 450 and 10665090.
90
Calculate the highest common divisor of 7013133 and 11961.
3987
What is the highest common divisor of 25762 and 586388?
22
What is the highest common factor of 2496688640 and 7360?
7360
What is the greatest common divisor of 1422006 and 114?
6
What is the highest common factor of 2918703 and 1?
1
What is the highest common divisor of 3028305 and 18145?
955
What is the highest common factor of 1884 and 67908309?
471
What is the highest common divisor of 15876 and 564386508?
5292
Calculate the greatest common divisor of 4770661 and 133.
7
Calculate the greatest common factor of 36828 and 1382535.
297
What is the highest common factor of 93586 and 5322864?
1282
What is the highest common divisor of 4340 and 11732?
28
Calculate the greatest common factor of 2147859 and 864241.
2317
What is the greatest common divisor of 12902074 and 5756?
2878
What is the highest common factor of 234379 and 86411?
289
Calculate the highest common factor of 11561 and 243199.
11
Calculate the greatest common factor of 186342512 and 16.
16
What is the highest common divisor of 15181940 and 820?
20
Calculate the greatest common divisor of 4899337940 and 140.
140
What is the highest common factor of 3410 and 129549?
31
What is the highest common divisor of 73 and 12696087?
73
Calculate the highest common divisor of 190593 and 843021.
27
Calculate the highest common factor of 74169 and 4032801.
1107
Calculate the greatest common divisor of 20340092 and 46376.
2108
Calculate the greatest common divisor of 9454401 and 88.
11
What is the greatest common factor of 3973 and 902133218?
3973
What is the greatest common factor of 14432 and 5265216?
352
Calculate the greatest common divisor of 9176444 and 5994.
74
Calculate the greatest common factor of 16065971 and 786.
131
What is the highest common factor of 1542064 and 186?
62
Calculate the greatest common factor of 60187080 and 960.
120
What is the greatest common divisor of 7154 and 1244942?
146
What is the highest common factor of 2175 and 5760473?
29
Calculate the greatest common factor of 136440 and 1085835.
5685
Calculate the highest common factor of 46 and 23236555.
23
Calculate the highest common divisor of 3360 and 828640.
160
What is the highest common divisor of 388546 and 467146?
262
Calculate the highest common factor of 21339992 and 24.
8
What is the greatest common factor of 2288050 and 901150?
3350
Calculate the highest common divisor of 364 and 43178.
2
What is the greatest common divisor of 3883442729 and 439?
439
What is the highest common factor of 638534 and 33046?
1066
What is the highest common factor of 107012 and 163804?
124
Calculate the greatest common divisor of 187530 and 23655.
285
What is the greatest common factor of 194129 and 65897?
1781
What is the highest common factor of 5 and 22790435?
5
Calculate the greatest common factor of 23469820 and 1628.
44
Calculate the highest common divisor of 729270 and 64970.
730
Calculate the highest common factor of 399 and 367912979.
133
What is the highest common divisor of 2226 and 9360750?
42
What is the highest common divisor of 2506 and 10611230?
14
What is the highest common factor of 363 and 20566007?
121
Calculate the highest common factor of 1324151451 and 441.
441
Calculate the highest common factor of 58100 and 1341280.
1660
Calculate the greatest common divisor of 578790 and 4033.
109
What is the greatest common factor of 10 and 23544005?
5
What is the highest common divisor of 1 and 126991502?
1
What is the highest common divisor of 300 and 1240068?
12
What is the greatest common factor of 768 and 35855616?
768
Calculate the highest common divisor of 2164782 and 1102102.
1714
What is the highest common divisor of 540 and 1723356?
108
What is the greatest common factor of 4587984 and 106908?
1812
What is the highest common divisor of 1925482167 and 42?
21
Calculate the highest common divisor of 847 and 775144755.
847
Calculate the highest common factor of 3159473 and 20374.
167
What is the highest common factor of 1781211 and 21243?
291
What is the greatest common divisor of 103170 and 381005?
905
Calculate the greatest common divisor of 54945007 and 1986.
331
What is the greatest common factor of 167000 and 35000?
1000
Calculate the highest common factor of 559341 and 25992.
171
What is the greatest common divisor of 1260 and 28138740?
420
What is the highest common factor of 628208 and 934857?
497
Calculate the greatest common factor of 8 and 18006808.
8
Calculate the highest common divisor of 1185514 and 1342.
22
Calculate the greatest common factor of 17836 and 6322134.
182
Calculate the highest common factor of 448 and 86867648.
448
Calculate the highest common factor of 136 and 6973184.
8
What is the highest common factor of 590355 and 43335?
135
What is the greatest common factor of 18 and 16458381?
9
Calculate the greatest common divisor of 214959 and 6658287.
2721
Calculate the greatest common divisor of 2408642 and 62618.
478
Calculate the highest common divisor of 154640 and 1280.
80
What is the greatest common divisor of 59659967 and 172349?
9071
What is the highest common divisor of 314468 and 13552?
308
What is the highest common factor of 292579940 and 2740?
2740
Calculate the greatest common factor of 551 and 4361431.
19
Calculate the highest common factor of 80413 and 380511.
829
Calculate the highest common factor of 4525626 and 286972.
3878
What is the greatest common divisor of 38375991 and 86279?
4541
Calculate the greatest common factor of 1213697 and 2097.
233
What is the greatest common factor of 561 and 602998?
11
Calculate the highest common factor of 108682893 and 537.
537
What is the greatest common divisor of 374119 and 4012?
1003
What is the highest common divisor of 43440263 and 1?
1
Calculate the highest common factor of 21335 and 9836690.
1255
Calculate the highest common divisor of 190374327 and 1716.
429
Calculate the greatest common factor of 20194321 and 98.
49
What is the highest common factor of 14478 and 22842?
6
Calculate the greatest common divisor of 14079150 and 1026.
54
Calculate the highest common divisor of 4284 and 52742466.
2142
Calculate the greatest common divisor of 315416096 and 2720.
544
Calculate the highest common divisor of 13776952 and 168.
56
What is the greatest common divisor of 9962 and 11339?
17
What is the greatest common factor of 12 and 9184746?
6
Calculate the